 t(s) = 2*s**3 + 5*s**2 + 20*s - 21. What is the tens digit of t(q)?
5
Let k(z) = -z**3 - 15*z**2 - 59*z + 61. What is the hundreds digit of k(-15)?
9
Let u be (-1)/3 - 5013/27. Let t = -103 - u. Let o = t - 36. What is the units digit of o?
7
Suppose 81*s - 29297 - 46681 = 0. What is the tens digit of s?
3
What is the ten thousands digit of (12/930*62)/((-2)/(-30290))?
1
Let z = -302 - -1146. What is the tens digit of (4 + z)/(9 - 7)?
2
Suppose -45*l + 1057636 = 37*l. What is the ten thousands digit of l?
1
Let l = 87 - 84. Suppose 1567 = l*n - 311. What is the tens digit of n?
2
Suppose -945 = 7*u + 1477. Let b = u + 733. What is the hundreds digit of b?
3
Let s = -72 + 76. Let i(x) = 101*x**2 + 43*x**2 + 2*x + s*x - 6. What is the tens digit of i(1)?
4
Let n = 11979 - 6218. What is the thousands digit of n?
5
Let a = 408 - -8343. What is the units digit of a?
1
Let d(r) = -123*r + 65. Let c(p) = -p**3 - 6*p**2 + 17*p + 4. Let n be c(-8). What is the hundreds digit of d(n)?
5
What is the thousands digit of (-158673)/(-6) - (-6 - (-42)/12)/(-5)?
6
Let i(a) = -7*a**2 - 2*a - 65. Let d be i(8). Let o = -261 - d. What is the hundreds digit of o?
2
Suppose 0 = 2*d + 5*x - 13, 14 = 2*d - 0*x + 4*x. What is the hundreds digit of 122 - (d + -2 + 1)?
1
Let y = 38247 + -11852. What is the tens digit of y?
9
Let f(y) = -y**3 - 23*y**2 - 5. Let k be f(-23). Let h be 10/k*2 + -173. Let a = h + 439. What is the hundreds digit of a?
2
Let h(u) = 2*u**2 + 11*u + 10. Let m be h(7). Let n be (-4)/14 - 9/(-21)*m. Suppose 2*j + 5*r = 123, n = 3*j - r - 131. What is the units digit of j?
9
Suppose -19*r = -16*r - 6. What is the hundreds digit of (-13 - -594) + -9 + r?
5
Suppose 38086 = 3*d - 5*v, 55*v = 2*d + 53*v - 25400. What is the units digit of d?
7
Let n be ((-24)/(-16))/((-1)/(-6)). Suppose 5*i - 84 = 3*k, -3*i + 5*k + 62 = n*k. What is the units digit of i?
8
Suppose -4*h - 11 = 9. Let d(m) = 57*m + 20. Let l be d(h). What is the units digit of -2 - (l - 3 - -5)?
1
What is the units digit of (-24404)/8*(-12)/6?
1
Let i(h) = -1311*h + 2626. What is the units digit of i(-8)?
4
What is the units digit of (-4775)/(-573)*1188/10?
0
Let z = 223 - 319. Let w(k) = -2*k**2 + 98*k + 1045. Let x be w(-9). What is the tens digit of z/(0/x + -2 + 1)?
9
Let d(v) = 2 - 10 - 6 - 5 + 1 - 20*v + 624*v**2. What is the tens digit of d(-1)?
2
Let r = 17 - -44. Let t = r - 59. What is the units digit of 317/4 + (t - (-72)/(-32))?
9
Suppose -604 = -2*v - 0*v + 2*q, -1504 = -5*v + 2*q. Suppose v = 10*o - 6*o. Let i = -52 + o. What is the units digit of i?
3
Suppose -5*c + 43621 = -f, 2*c - 16229 = -2*f + 1229. What is the units digit of c?
5
Let f be (-1)/2 + (-51)/(-6)*1. Let m = f + -12. What is the units digit of (m/(-8))/((-2)/(-384))?
6
Let k(s) = -3*s**3 + 39*s**2 + 15*s + 54. Let b(i) = -i**3 + i**2 - 1. Let j(l) = 2*b(l) - k(l). What is the hundreds digit of j(38)?
8
Let c be (5 + -2)/(-3) - -1613. Suppose 5*j = -c - 268. What is the units digit of j/(-24) + 8/(-3) + 2?
5
What is the hundreds digit of -7 - 532/76*(-2738)/2?
5
Let h(n) = 2*n**3 + 6*n**2 + 14*n + 126. Let l(d) = d**3 + d**2 - 2*d - 1. Let q(w) = h(w) - 5*l(w). What is the thousands digit of q(-7)?
1
Let z = 9577 + 11704. What is the ten thousands digit of z?
2
Let u(l) = l**3 + 6*l**2 + 5*l - 2. Let n be u(-5). Let q be 33/(-77) - n/(-7)*-103. Let w = 242 - q. What is the units digit of w?
3
Suppose -5*q - 3 = -4*q, k = -4*q - 9. Let g(r) = -r + 13. What is the units digit of g(k)?
0
Let j(b) = -b**3 - 5*b**2 + 2*b - 7. Let p be j(-6). Let c(s) = 2*s**2 + s + 5. Let q be c(3). Suppose -p*h = -q*h + 450. What is the tens digit of h?
5
Suppose -16*l + 347858 + 168250 = 148*l. What is the units digit of l?
7
Let i(j) = -j**2 - j + 4. Let g be i(0). Suppose 2*q - q = 5*w - 954, 0 = g*w - 3*q - 772. Suppose -910 = -5*b - w. What is the hundreds digit of b?
1
Let k = -259 + 231. What is the units digit of (((-105)/k)/3)/((-1)/(-332))?
5
Suppose t - 195 - 43 = 0. Suppose 2*l + 5*y - 281 = 0, -5*l - 5*y + 750 = -2*y. Let x = t - l. What is the units digit of x?
5
Let b(d) = -d**3 - 21*d**2 + 21*d - 19. Let g be b(-22). What is the tens digit of (-1)/g + (-18991)/(-21)?
0
Let j(y) = 96*y**3 + 13*y**2 - 73*y + 17. What is the units digit of j(4)?
7
Let b(s) be the second derivative of -s**5/20 + 13*s**4/12 - 6*s**3 - 2*s**2 - 5*s. Let u be b(9). What is the tens digit of u/(-10) + (4 - 3440/(-25))?
4
Let h be ((-24)/(-30))/(8/2740). Let w = h + -222. What is the tens digit of w?
5
Let u = 10 + -31. Let a = u - -192. What is the hundreds digit of a?
1
Let r = 13623 + -742. What is the tens digit of r?
8
Suppose 0 = 24*v - 24872 + 920. Let z = -61 + v. What is the hundreds digit of z?
9
Let m(b) = -b + 7. Let t be m(1). Let k(c) = -16*c. Let r be k(8). What is the units digit of t/(-8)*r/4?
4
Let r = 497 - 483. Suppose i = -4*v + 245, -i + r*v = 13*v - 260. What is the tens digit of i?
5
Let l = -42 - -41. Let n be (l - 18/(-14)) + (-17181)/(-63). Suppose -2*p - n = -5*j, -j + p - 49 = -2*j. What is the tens digit of j?
5
Let s(i) = 5*i - 5. Let b be s(2). Suppose -7*r + b*r + 533 = x, -1 = -x. What is the hundreds digit of r?
2
Let i = 845 + 327. Suppose -3*y = -2*b + i, -13*y = -10*y - 12. What is the units digit of b?
2
Let d = 68 - 73. Let a be 1*((0 - -7) + d + 5). Suppose -a*w - 30 = -10*w. What is the tens digit of w?
1
Let o = -45013 - -69701. What is the units digit of o?
8
Let c be -5 - (-9 + 23)*19*-2. Let v = 194 + c. What is the hundreds digit of v?
7
Suppose 2*t = 0, 2*t + 5 = 2*l - 3. Suppose 0 = l*r - 2*r - 3*x - 557, x = -5. What is the tens digit of r?
7
Suppose -3*w + 17428 = -2*c, -4*w + 1777 = -4*c - 21467. What is the hundreds digit of w?
8
Suppose 4*x - 6853 = -3*x. Suppose 4*y = 3*v + x, 0 = -9*y + 4*y + v + 1221. Let q = -61 + y. What is the units digit of q?
3
Suppose 58*o + 1986 = 52*o. Let m = 20 - o. What is the tens digit of m?
5
Let z(s) = -s - 6. Let p be z(-9). Suppose -45*i + 21492 + 15858 = 0. Suppose 0 = p*l + 2*l - i. What is the units digit of l?
6
Let c = -440 + 443. What is the units digit of 6/((-12)/(-1310)) + c?
8
Suppose -16*w + 210 = 5*w. Suppose -w*i - 4*i + 6888 = 0. What is the units digit of i?
2
Let n be 1662/3*(-6)/12. Let w = n + 329. What is the tens digit of w?
5
Let x(z) = -19*z - 6. Let w be x(-4). Let f = 61 - w. Let j(r) = r**3 + 11*r**2 + 7*r + 1. What is the tens digit of j(f)?
0
Let z be 18 + 1/((-5)/10). What is the units digit of z/(-10) + (-129478)/(-205)?
0
Let r(z) = 38*z**3 + z**2 + 5*z - 227. What is the units digit of r(7)?
1
Let u = 42816 + -29857. What is the ten thousands digit of u?
1
Let p(r) = r**3 - 25*r**2 - 356*r - 127. What is the units digit of p(39)?
3
Suppose z - 1 = 2*z. Suppose 2*j - 113 = 5*a, 6*j = 12*j + 4*a - 244. What is the units digit of 66/j*((-16)/z - 0)?
4
What is the thousands digit of 7007/154*1768/7?
1
Let o(y) = 66*y + 65. Let v = -67 - -76. What is the hundreds digit of o(v)?
6
Let w = 13438 + 7705. What is the ten thousands digit of w?
2
Suppose -14 = -3*g - 5. Suppose -2*r + 3*r = -w + g, w + 2*r = 4. Suppose -179 = -3*l + 3*x + 223, -w*x = -5*l + 664. What is the units digit of l?
2
What is the thousands digit of -4*863*(-7)/84*297?
5
Let h(u) = u**3 + 6*u**2 - 8*u - 3. Let g be h(-7). Suppose 3*w - 7*i - 438 = -4*i, 0 = 3*w - g*i - 438. Suppose 5*p = 4*p + w. What is the hundreds digit of p?
1
Let t = 3066 + 460. Suppose 2297 = 9*r - t. What is the units digit of r?
7
Let b(h) = -h**3 - 5*h**2 - 23*h - 39. Let c be b(-16). Suppose -1540 = -2*r + 45*m - 49*m, 5*m + c = 4*r. What is the tens digit of r?
8
Let s(h) be the third derivative of -5*h**4/8 + 31*h**3/6 + 108*h**2. What is the units digit of s(-31)?
6
Let p(a) = -a**3 - 5*a**2 + 46*a + 1005. What is the hundreds digit of p(-20)?
0
Suppose -28*w + 1321 = -221486 - 124337. What is the hundreds digit of w?
3
Let k = 7173 - -1285. What is the hundreds digit of k?
4
Suppose 5*j - 24397 = -2*p, 35*p + 14627 = 3*j + 39*p. What is the units digit of j?
1
Let x(l) = -8*l**3 - 2*l + 675. What is the units digit of x(0)?
5
Let a be (192/6)/((-4)/(-6)). Suppose -29*n + 30*n = a. Let x = n + -28. What is the units digit of x?
0
Suppose 549*m = 404*m + 3016580. What i